{"id":516,"date":"2020-11-21T15:12:23","date_gmt":"2020-11-21T18:12:23","guid":{"rendered":"https:\/\/lopesmaconsultoria.com.br\/site\/?page_id=516"},"modified":"2021-02-05T15:08:50","modified_gmt":"2021-02-05T18:08:50","slug":"boletins","status":"publish","type":"page","link":"https:\/\/lopesmaconsultoria.com.br\/site\/boletins\/","title":{"rendered":"Boletins t\u00e9cnicos"},"content":{"rendered":"\n<ul class=\"wp-block-list\"><li><a href=\"https:\/\/professormarcosaurelio.com.br\/wp-content\/uploads\/2019\/08\/bol-33-Custo-do-leite.pdf\" target=\"_blank\" rel=\"noreferrer noopener\">&nbsp;Custo do leite<\/a><\/li><li><a href=\"https:\/\/professormarcosaurelio.com.br\/wp-content\/uploads\/2019\/08\/bol-47-Custo-gado-de-corte.pdf\" target=\"_blank\" rel=\"noreferrer noopener\">&nbsp;Custo gado de corte<\/a><\/li><li><a href=\"https:\/\/professormarcosaurelio.com.br\/wp-content\/uploads\/2019\/08\/bol-55-Rastreabilidade-bovina-no-Brasil.pdf\" target=\"_blank\" rel=\"noreferrer noopener\">Rastreabilidade bovina no Brasil<\/a><\/li><li><a href=\"https:\/\/professormarcosaurelio.com.br\/wp-content\/uploads\/2019\/08\/bol-58-Identificacao-e-rastreabilidade.pdf\" target=\"_blank\" rel=\"noreferrer noopener\">&nbsp;Identifica\u00e7\u00e3o e rastreabilidade<\/a><\/li><li><a href=\"https:\/\/professormarcosaurelio.com.br\/wp-content\/uploads\/2019\/08\/bol-74-Controle-reprodutivo.pdf\" target=\"_blank\" rel=\"noreferrer noopener\">&nbsp;Controle reprodutivo<\/a><\/li><li><a href=\"https:\/\/professormarcosaurelio.com.br\/wp-content\/uploads\/2019\/08\/bol-75-Controle-leiteiro.pdf\" target=\"_blank\" rel=\"noreferrer noopener\">Controle leiteiro<\/a><\/li><li><a href=\"https:\/\/professormarcosaurelio.com.br\/wp-content\/uploads\/2019\/08\/bt-84-Internet-como-ferramenta.pdf\" target=\"_blank\" rel=\"noreferrer noopener\">Internet como ferramenta<\/a><\/li><li><a href=\"https:\/\/professormarcosaurelio.com.br\/wp-content\/uploads\/2019\/08\/bol-55-Rastreabilidade-bovina-no-Brasil.pdf\" target=\"_blank\" rel=\"noreferrer noopener\">Rastreabilidade bovina no Brasil<\/a><\/li><li><a href=\"https:\/\/professormarcosaurelio.com.br\/wp-content\/uploads\/2019\/08\/bt-91-Rastreabilidade-e-seguranca-alimentar.pdf\" target=\"_blank\" rel=\"noreferrer noopener\">Rastreabilidade e seguran\u00e7a alimentar<\/a><\/li><li><a href=\"https:\/\/professormarcosaurelio.com.br\/wp-content\/uploads\/2019\/08\/bt-93-Mastite-prevencao-1.pdf\" target=\"_blank\" rel=\"noreferrer noopener\">Mastite preven\u00e7\u00e3o<\/a><\/li><li><a href=\"https:\/\/professormarcosaurelio.com.br\/wp-content\/uploads\/2019\/08\/bt-87-Aspectos-da-rastreabilidade.pdf\" target=\"_blank\" rel=\"noreferrer noopener\">Aspectos<\/a><a href=\"https:\/\/professormarcosaurelio.com.br\/wp-content\/uploads\/2019\/08\/bt-87-Aspectos-da-rastreabilidade.pdf\"> da rastreabilidade<\/a><\/li><li><a href=\"https:\/\/professormarcosaurelio.com.br\/wp-content\/uploads\/2019\/08\/bt-94-Rastreabilidade-DF.pdf\" target=\"_blank\" rel=\"noreferrer noopener\">Rastreabilidade DF<\/a><\/li><li><a href=\"https:\/\/professormarcosaurelio.com.br\/wp-content\/uploads\/2019\/08\/bt-95-A-importancia-do-cadastro-..-rastreabilidade.pdf\" target=\"_blank\" rel=\"noreferrer noopener\">A import\u00e2ncia do cadastro rastreabilidade<\/a><\/li><li><a rel=\"noreferrer noopener\" href=\"https:\/\/professormarcosaurelio.com.br\/wp-content\/uploads\/2017\/07\/bt-85-A-informacao-como-fator.pdf\" target=\"_blank\">A informa\u00e7\u00e3o como fator<\/a><\/li><\/ul>\n","protected":false},"excerpt":{"rendered":"<p>&nbsp;Custo do leite &nbsp;Custo gado de corte Rastreabilidade bovina no Brasil &nbsp;Identifica\u00e7\u00e3o e rastreabilidade &nbsp;Controle reprodutivo Controle leiteiro Internet como ferramenta Rastreabilidade bovina no Brasil Rastreabilidade e seguran\u00e7a alimentar Mastite preven\u00e7\u00e3o Aspectos da rastreabilidade Rastreabilidade DF A import\u00e2ncia do cadastro rastreabilidade A informa\u00e7\u00e3o como fator<\/p>\n","protected":false},"author":1,"featured_media":0,"parent":0,"menu_order":0,"comment_status":"closed","ping_status":"closed","template":"","meta":{"footnotes":""},"class_list":["post-516","page","type-page","status-publish","hentry"],"_links":{"self":[{"href":"https:\/\/lopesmaconsultoria.com.br\/site\/wp-json\/wp\/v2\/pages\/516","targetHints":{"allow":["GET"]}}],"collection":[{"href":"https:\/\/lopesmaconsultoria.com.br\/site\/wp-json\/wp\/v2\/pages"}],"about":[{"href":"https:\/\/lopesmaconsultoria.com.br\/site\/wp-json\/wp\/v2\/types\/page"}],"author":[{"embeddable":true,"href":"https:\/\/lopesmaconsultoria.com.br\/site\/wp-json\/wp\/v2\/users\/1"}],"replies":[{"embeddable":true,"href":"https:\/\/lopesmaconsultoria.com.br\/site\/wp-json\/wp\/v2\/comments?post=516"}],"version-history":[{"count":4,"href":"https:\/\/lopesmaconsultoria.com.br\/site\/wp-json\/wp\/v2\/pages\/516\/revisions"}],"predecessor-version":[{"id":1191,"href":"https:\/\/lopesmaconsultoria.com.br\/site\/wp-json\/wp\/v2\/pages\/516\/revisions\/1191"}],"wp:attachment":[{"href":"https:\/\/lopesmaconsultoria.com.br\/site\/wp-json\/wp\/v2\/media?parent=516"}],"curies":[{"name":"wp","href":"https:\/\/api.w.org\/{rel}","templated":true}]}}